False
Is 64399 a composite number?
False
Is 122807 a composite number?
True
Is 23417 composite?
False
Is 14281 prime?
True
Is 529 composite?
True
Is 419 prime?
True
Is 765923 prime?
False
Is 101239 a composite number?
True
Is 278539 a prime number?
False
Is 8465 a prime number?
False
Is 5999 a prime number?
False
Is 9793 prime?
False
Is 214967 prime?
True
Is 39227 prime?
True
Is 34057 a composite number?
False
Is 56089 a composite number?
True
Is 13033 a composite number?
False
Is 1091837 a composite number?
False
Is 15389 prime?
False
Is 1622471 a composite number?
False
Is 116411 a prime number?
True
Is 21083 a prime number?
False
Is 142697 composite?
False
Is 319 a prime number?
False
Is 6299 composite?
False
Is 265033 a composite number?
True
Is 789617 a prime number?
False
Is 38903 prime?
True
Is 595813 composite?
True
Is 4007 a composite number?
False
Is 388271 a prime number?
False
Is 4769 a composite number?
True
Is 1521947 a prime number?
False
Is 196949 prime?
False
Is 4421 prime?
True
Is 186947 a composite number?
False
Is 3137 a prime number?
True
Is 21851 a composite number?
False
Is 10211 a prime number?
True
Is 27179 a composite number?
False
Is 106739 a prime number?
True
Is 20929 a prime number?
True
Is 57439 a composite number?
True
Is 1505213 composite?
True
Is 2287 a prime number?
True
Is 13223 prime?
False
Is 454417 a prime number?
True
Is 18287 a prime number?
True
Is 32959 a composite number?
True
Is 1811 a composite number?
False
Is 8459 a composite number?
True
Is 649883 a prime number?
False
Is 33913 prime?
False
Is 11435 composite?
True
Is 81273 a prime number?
False
Is 3093 a composite number?
True
Is 3491 composite?
False
Is 32059 prime?
True
Is 44087 composite?
False
Is 13099 composite?
False
Is 774853 a prime number?
True
Is 127363 a prime number?
True
Is 16963 composite?
False
Is 681778 a prime number?
False
Is 430949 prime?
True
Is 8485 a composite number?
True
Is 128747 composite?
False
Is 59287 prime?
False
Is 12323 prime?
True
Is 407 a prime number?
False
Is 217357 prime?
False
Is 52433 prime?
True
Is 14587 a composite number?
True
Is 78097 a prime number?
False
Is 932181 a composite number?
True
Is 41281 a composite number?
False
Is 1579931 prime?
True
Is 3433 composite?
False
Is 569861 composite?
False
Is 65101 a prime number?
True
Is 119543 a prime number?
False
Is 224461 a prime number?
True
Is 40163 prime?
True
Is 4781 composite?
True
Is 541591 a prime number?
False
Is 119159 prime?
True
Is 774961 prime?
False
Is 174037 a prime number?
False
Is 34123 a prime number?
True
Is 304429 composite?
False
Is 336121 a composite number?
False
Is 26339 composite?
False
Is 15661 a composite number?
False
Is 1257 a composite number?
True
Is 1829 a prime number?
False
Is 1777 a prime number?
True
Is 20249 composite?
False
Is 25253 composite?
False
Is 12659 composite?
False
Is 2978593 a prime number?
True
Is 1086071 a prime number?
False
Is 74 a composite number?
True
Is 105019 composite?
False
Is 77149 composite?
True
Is 19769 prime?
False
Is 45233 a prime number?
True
Is 242281 prime?
False
Is 1783 a composite number?
False
Is 29927 a composite number?
False
Is 1919813 a prime number?
False
Is 1021341 a prime number?
False
Is 140317 a composite number?
False
Is 1104865 composite?
True
Is 1567 composite?
False
Is 10651 prime?
True
Is 57149 a composite number?
False
Is 55147 prime?
True
Is 17698 composite?
True
Is 152569 a prime number?
False
Is 1968071 composite?
True
Is 5939 composite?
False
Is 14613 a prime number?
False
Is 59131 prime?
False
Is 21767 prime?
True
Is 453157 prime?
True
Is 763111 prime?
True
Is 664127 composite?
True
Is 1149431 a prime number?
False
Is 224581 prime?
False
Is 295937 a composite number?
False
Is 35755 prime?
False
Is 13957 composite?
True
Is 25693 composite?
False
Is 1362719 prime?
True
Is 686713 prime?
False
Is 8939 prime?
False
Is 194657 a prime number?
False
Is 13501 a composite number?
True
Is 190979 a composite number?
False
Is 41941 prime?
True
Is 286721 a composite number?
False
Is 28439 a prime number?
True
Is 64765 prime?
False
Is 102841 prime?
True
Is 751 a prime number?
True
Is 7801 a composite number?
True
Is 1020077 composite?
False
Is 3802 prime?
False
Is 3975583 prime?
False
Is 36853 prime?
False
Is 4387 a prime number?
False
Is 9893 composite?
True
Is 2095 composite?
True
Is 6421 prime?
True
Is 87411 composite?
True
Is 683 prime?
True
Is 139223 composite?
True
Is 13085 a prime number?
False
Is 80849 a composite number?
False
Is 2065393 prime?
False
Is 119929 composite?
False
Is 35 a prime number?
False
Is 4463 a prime number?
True
Is 78691 a prime number?
True
Is 157789 a composite number?
True
Is 7897 prime?
False
Is 45817 composite?
False
Is 493865 a prime number?
False
Is 71963 a composite number?
False
Is 367909 composite?
False
Is 46015 a prime number?
False
Is 1213 a composite number?
False
Is 1247 composite?
True
Is 1390729 composite?
False
Is 696169 a composite number?
True
Is 1949 composite?
False
Is 877 composite?
False
Is 91898 a composite number?
True
Is 108631 composite?
False
Is 7499 prime?
True
Is 222415 a prime number?
False
Is 493849 a composite number?
True
Is 1673 a prime number?
False
Is 145633 a composite number?
False
Is 951127 a composite number?
True
Is 51341 a prime number?
True
Is 877 prime?
True
Is 4553 a composite number?
True
Is 3974551 a prime number?
False
Is 145511 a composite number?
False
Is 293 composite?
False
Is 61211 a composite number?
False
Is 1215155 a composite number?
True
Is 1079353 a prime number?
False
Is 11183 prime?
False
Is 10874 prime?
False
Is 172787 prime?
True
Is 640105 prime?
False
Is 59347 a composite number?
True
Is 57181 prime?
False
Is 864349 composite?
True
Is 7607 a composite number?
False
Is 10697 prime?
False
Is 10291 a prime number?
False
Is 1093231 a prime number?
False
Is 107927 a prime number?
True
Is 780761 prime?
False
Is 30509 composite?
False
Is 10705 composite?
True
Is 1076169 prime?
False
Is 54077 prime?
False
Is 388051 a composite number?
False
Is 18809 prime?
False
Is 25913 a prime number?
True
Is 81401 composite?
False
Is 3049 a composite number?
False
Is 320893 a composite number?
True
Is 12323 composite?
False
Is 47381 prime?
True
Is 760093 a prime number?
True
Is 3833 a prime number?
True
Is 3610765 a prime number?
False
Is 332531 prime?
False
Is 279817 composite?
False
Is 25523 a prime number?
True
Is 83851 a composite number?
True
Is 31673 a prime number?
False
Is 32937 a prime number?
False
Is 154379 prime?
False
Is 10229 composite?
True
Is 99947 a composite number?
True
Is 763 prime?
False
Is 168977 prime?
True
Is 52637 composite?
True
Is 1141 prime?
False
Is 10579 composite?
True
Is 2833 prime?
True
Is 28131 a composite number?
True
Is 34739 a prime number?
True
Is 443407 a composite number?
False
Is 7771 a prime number?
False
Is 263533 a composite number?
False
Is 424129 a composite number?
False
Is 2881 a composite number?
True
Is 24049 composite?
False
Is 12055 composite?
True
Is 869 prime?
False
Is 197909 a composite number?
False
Is 6583 a composite number?
True
Is 7837 prime?
False
Is 240167 a composite number?
True
Is 18923 a prime number?
False
Is 20563 prime?
True
Is 119713 composite?
True
Is 198761 a prime number?
True
Is 786407 a prime number?
True
Is 9871 composite?
False
Is 15391 a composite number?
False
Is 2072633 a prime number?
False
Is 5167 prime?
True
Is 26759 a prime number?
True
Is 155999 composite?
True
Is 43627 composite?
False
Is 883163 a composite number?
False
Is 2588051 a composite number?
False
Is 13705 a prime number?
False
Is 661823 prime?
True
Is 42739 prime?
False
Is 63901 prime?
True
Is 1285 a prime number?
False
Is 18113 prime?
False
Is 7363 a composite number?
True
Is 2333 a composite number?
False
Is 82 prime?
False
Is 35029 a prime number?
False
Is 14369 a composite number?
False
Is 389387 composite?
True
Is 26179 prime?
False
Is 1137629 a prime number?
True
Is 55997 a prime number?
True
Is 264487 prime?
True
Is 1575087 a composite number?
True
Is 157793 composite?
False
Is 177589 a composite number?
False
Is 744479 prime?
False
Is 1922677 a composite number?
False
Is 72601 a prime number?
False
Is 727355 composite?
True
Is 4269 composite?
True
Is